{"id":59,"date":"2024-09-27T10:03:17","date_gmt":"2024-09-27T08:03:17","guid":{"rendered":"https:\/\/cabinet-sign.com\/?page_id=59"},"modified":"2025-04-29T12:17:07","modified_gmt":"2025-04-29T10:17:07","slug":"notre-nom-notre-mission","status":"publish","type":"page","link":"https:\/\/cabinet-sign.com\/index.php\/notre-nom-notre-mission\/","title":{"rendered":"Notre nom, notre mission."},"content":{"rendered":"\n<h2 class=\"wp-block-heading has-text-color has-link-color has-large-font-size wp-elements-e615c8c84bc5cf7ee471e27ddd518ea4\" style=\"color:#7d5b4a\">Cabinet Sign : d\u00e9couvrez l&#8217;histoire que cache notre nom et laissez-vous inspirer par la symbolique de la signature.<\/h2>\n\n\n\n<p style=\"font-size:15px\">La signature repr\u00e9sente une concr\u00e9tisation, un aboutissement, mais \u00e9galement un engagement et une projection : elle incarne les accords scell\u00e9s et les promesses qui prennent forme. Elle exprime l&#8217;adh\u00e9sion \u00e0 des objectifs communs et le d\u00e9but d&#8217;une collaboration fructueuse : ce \u00e0 quoi le Cabinet Sign aspire pour ses clients.<\/p>\n\n\n\n<p class=\"has-text-align-left\" style=\"font-size:15px\">Au-del\u00e0 de son aspect administratif, elle refl\u00e8te la personnalit\u00e9 de son auteur par son style, ses lignes et ses courbes. Elle \u00e9voque l&#8217;expression de soi et la singularit\u00e9 de chacun, tout comme celle des candidats que nous accompagnons, et que nous aidons \u00e0 r\u00e9v\u00e9ler leur marque ind\u00e9l\u00e9bile et personnelle.<\/p>\n\n\n\n<figure class=\"wp-block-image aligncenter size-full is-resized\"><img loading=\"lazy\" decoding=\"async\" width=\"500\" height=\"500\" src=\"https:\/\/cabinet-sign.com\/wp-content\/uploads\/2024\/09\/Copie_de_logo1-2-removebg-preview-2.png\" alt=\"\" class=\"wp-image-62\" style=\"width:162px;height:auto\" srcset=\"https:\/\/cabinet-sign.com\/wp-content\/uploads\/2024\/09\/Copie_de_logo1-2-removebg-preview-2.png 500w, https:\/\/cabinet-sign.com\/wp-content\/uploads\/2024\/09\/Copie_de_logo1-2-removebg-preview-2-300x300.png 300w, https:\/\/cabinet-sign.com\/wp-content\/uploads\/2024\/09\/Copie_de_logo1-2-removebg-preview-2-150x150.png 150w\" sizes=\"auto, (max-width: 500px) 100vw, 500px\" \/><\/figure>\n\n\n\n<p><\/p>\n","protected":false},"excerpt":{"rendered":"<p>Cabinet Sign : d\u00e9couvrez l&#8217;histoire que cache notre nom et laissez-vous inspirer par la symbolique de la signature. La signature repr\u00e9sente une concr\u00e9tisation, un aboutissement, mais \u00e9galement un engagement et une projection : elle incarne les accords scell\u00e9s et les promesses qui prennent forme. Elle exprime l&#8217;adh\u00e9sion \u00e0 des objectifs communs et le d\u00e9but d&#8217;une [&hellip;]<\/p>\n","protected":false},"author":1,"featured_media":0,"parent":0,"menu_order":0,"comment_status":"closed","ping_status":"closed","template":"","meta":{"footnotes":""},"class_list":["post-59","page","type-page","status-publish","hentry"],"_links":{"self":[{"href":"https:\/\/cabinet-sign.com\/index.php\/wp-json\/wp\/v2\/pages\/59","targetHints":{"allow":["GET"]}}],"collection":[{"href":"https:\/\/cabinet-sign.com\/index.php\/wp-json\/wp\/v2\/pages"}],"about":[{"href":"https:\/\/cabinet-sign.com\/index.php\/wp-json\/wp\/v2\/types\/page"}],"author":[{"embeddable":true,"href":"https:\/\/cabinet-sign.com\/index.php\/wp-json\/wp\/v2\/users\/1"}],"replies":[{"embeddable":true,"href":"https:\/\/cabinet-sign.com\/index.php\/wp-json\/wp\/v2\/comments?post=59"}],"version-history":[{"count":13,"href":"https:\/\/cabinet-sign.com\/index.php\/wp-json\/wp\/v2\/pages\/59\/revisions"}],"predecessor-version":[{"id":328,"href":"https:\/\/cabinet-sign.com\/index.php\/wp-json\/wp\/v2\/pages\/59\/revisions\/328"}],"wp:attachment":[{"href":"https:\/\/cabinet-sign.com\/index.php\/wp-json\/wp\/v2\/media?parent=59"}],"curies":[{"name":"wp","href":"https:\/\/api.w.org\/{rel}","templated":true}]}}